)?
5
Suppose 0 = 3*c - c + 6. Let r = 5 + c. What is the units digit of r?
2
What is the tens digit of (4/(-6))/((-30)/7245)?
6
Let k be (2/(-3))/((-2)/(-3)). Let q = 2 - k. Suppose -d - 3*o = -6, d = q*o + 2 + 10. What is the units digit of d?
9
Let p(j) = 3*j + j + 1 - 3*j. What is the units digit of p(3)?
4
Suppose 3 = -5*a + 2*o - 2, -a = 2*o + 1. Let v be (-4)/((-1)/(-1)*a). Suppose -v*u + c - 7 = -9*u, 0 = -3*u - c + 3. What is the units digit of u?
2
Let s = -1 - -4. What is the tens digit of 6/(s + (-39)/15)?
1
Suppose 0 = -5*b - 19 + 74. What is the units digit of (0/2)/3 + b?
1
Let i(j) = 4*j**2 - 8*j + 4. Let n be i(6). Let g = 59 - n. Let u = g + 60. What is the units digit of u?
9
Let l(i) = 3*i - 5 + 2*i - 3*i. What is the units digit of l(7)?
9
Let c be 118/14 - 18/42. Let w be (-1 + 4)*c/3. Suppose -o = -w - 4. What is the units digit of o?
2
Let b(a) = -2*a**3 + a**2 + 3*a + 3. Let i = -2 - 0. Let n be b(i). Let u = -11 + n. What is the units digit of u?
6
Let d(a) = -3*a**2 - 2 - a**3 + 1 + 0 - a. Let k be d(-3). Suppose k*t = 2, -3 = -2*i + t + 4*t. What is the units digit of i?
4
Suppose -3*k = -2*d + 30, 3*k + 15 = 3*d - 6*d. Let a = k + 58. What is the tens digit of a?
5
Suppose 15 = x + 13. What is the units digit of x?
2
Let q(a) = a**3 - 8*a**2 - 8*a - 6. Let j be q(9). Suppose -5*k + k + 2*u - 28 = 0, 21 = -j*k + u. Let o(m) = -2*m - 9. What is the units digit of o(k)?
5
Suppose -4*a - 4*z = -546 + 58, 0 = 4*a - z - 493. What is the units digit of a?
3
Let n = -11 - -84. What is the tens digit of n?
7
What is the tens digit of (-3992)/(-48) + (-1)/6?
8
Let g(p) = p + 6. Let l be g(-3). Let n be (-2 + l)*3/3. What is the units digit of (1 + 4)/(n + 0)?
5
Let v(p) = p + 3. Let b be v(-2). What is the units digit of (-10)/5 + b*14?
2
Suppose 0 = 8*u - 1446 + 206. What is the hundreds digit of u?
1
Let g be ((-4)/(-6))/((-2)/(-27)). Let h = g + -3. What is the units digit of h?
6
Let q be (-36)/(-8)*-4 + -3. Let x = -10 - q. What is the tens digit of x?
1
Let m = 5 - 11. Suppose 3*u = 2*v - 8, -2*u - 17 = -6*v + 3*v. Let z = m + v. What is the units digit of z?
1
Let y(h) be the third derivative of -h**7/5040 - h**6/360 - h**5/30 - 3*h**2. Let m(r) be the third derivative of y(r). What is the units digit of m(-3)?
1
Let p = 9 + -2. Suppose -p = -3*k + 8. Suppose 2*z + 5*t = 29, -2*t + 13 + k = 4*z. What is the units digit of z?
2
Let l = 34 - 50. Let a = l - -28. Suppose -3*z + 3*m = -a, m - 6 - 5 = -4*z. What is the units digit of z?
3
Suppose -5*u - 4*y = -y - 26, -2*u = 4*y - 16. Suppose -16 = -u*o + 8. Let r = o - 2. What is the units digit of r?
4
Let i(b) = 4*b**3 + 1 + 0 - 3*b**3 - b**2. Let g be i(2). Suppose -2*y + 50 = 4*z, 0 = g*z + 3*y - 2*y - 55. What is the tens digit of z?
1
Let u be -2*2/4*-2. Let s(m) = -5*m**2 - 3 + 69*m - 65*m + 4*m**2. What is the units digit of s(u)?
1
Let q(d) = d**2 + 3*d. Let l be q(-4). Suppose -29 = -3*a + 4*h, 3*h - 6*h = l*a - 22. What is the units digit of a?
7
Let t = 74 - 50. Let i = 42 - t. What is the units digit of i?
8
Let r be 0 + 0/((-2)/(-1)). Let n = 2 - r. Suppose -n = 4*a + 2*m - 0, 5*m + 14 = -a. What is the units digit of a?
1
Let u = 1 + -1. Suppose 26 = -u*k + 2*k. What is the units digit of k?
3
Let b(w) = -w - 6. Let m be b(-3). Suppose 10 = -i - t, 5*i - 4*t = -t - 18. Let o = m - i. What is the units digit of o?
3
Let b(x) = 33*x**3 - 5*x - 1. What is the tens digit of b(2)?
5
Let f = 24 + -1. Let j = f - 14. What is the units digit of j?
9
Let o(c) be the second derivative of 3/2*c**4 + 0 - 4*c + 0*c**3 - 1/2*c**2. What is the tens digit of o(-1)?
1
Suppose 0 = 5*u + 2*k - 171, u + 0*k = -k + 33. What is the tens digit of u?
3
Let g(o) = 2*o - 5. Let u be g(0). What is the units digit of u/2*(-14 - 0)?
5
Suppose 4*z - 11 = 2*r + 331, -2*r = 4*z - 362. What is the units digit of z?
8
Let h be -8 + -1 - 8/(-2). Let g = h + 23. What is the units digit of g?
8
Let g(d) = -d**2 - 9*d + 13. Let z be g(-10). What is the units digit of -1 + (-1 + 43)/z?
3
Suppose 0*x = x + i - 48, 0 = 2*i + 4. What is the units digit of x?
0
Let n be 3/(12/(-8)) - -2. Suppose 0 = -n*l + 4*l - 112. What is the units digit of l?
8
Suppose -3*q + 6 = -3. Suppose q*b - 60 = b. What is the units digit of b?
0
Let r(m) be the first derivative of m**2/2 + 8*m - 2. What is the units digit of r(-6)?
2
Let o = -43 + 95. What is the tens digit of o?
5
Let x = 14 + -5. What is the units digit of x/3 - -3*5?
8
Let x(b) be the second derivative of 5*b**3/3 - b**2/2 + 2*b. Let z be x(1). What is the units digit of (26 - -1)*3/z?
9
Let m be -2 + (-3)/((-6)/4). Suppose 2 = -m*s + 2*s. Suppose -p + 4 = -s. What is the units digit of p?
5
Let o = 7 - 10. What is the units digit of ((-7)/(-4))/(o/(-24))?
4
What is the units digit of 449/11 + (-4)/(-22)?
1
Let i(y) = 5*y - 6. What is the tens digit of i(16)?
7
Suppose 35*x - 21 = 34*x. What is the tens digit of x?
2
Suppose 4*v - 2*h = -97 + 367, -5*h + 300 = 5*v. Suppose 0 = -2*j - b + v, 4*j - 132 = -2*b - 2*b. What is the units digit of j?
2
Let j = -11 + 9. Let w(i) = 5*i**2 + 2*i - 2. What is the tens digit of w(j)?
1
Let o = 9 - 9. Suppose o*q - 17 = -q. What is the tens digit of q?
1
Suppose -35 = 5*b + 5*o, 6 + 11 = b - 5*o. What is the units digit of 232/12 + (-2)/b?
0
Let g = -7 - -19. Let v = -2 - -8. What is the units digit of g/(1/(v/9))?
8
Let p(n) = 0 + 1 + n**2 - 5*n + 4 + 0*n**2. What is the units digit of p(5)?
5
Suppose 3 = -y - 2. Let g = y + 5. Suppose g = -5*q + 13 + 12. What is the units digit of q?
5
Let l(a) = a + 10. Let d = -11 - -10. Let b(p) = p - 1. Let o(f) = d*l(f) + 3*b(f). What is the units digit of o(10)?
7
Let c be 87/27 - (-2)/(-9). Suppose 3*y + 85 = 3*p + 4, -c*p + 4*y = -79. What is the tens digit of p?
2
Let d be ((-10)/6)/((-2)/6). Let r be 0/(1*(-3 + 1)). Suppose r = -d*i + 34 - 4. What is the units digit of i?
6
Let x be 8/5*55/2. Suppose i - 3 = 3*y, 0 = 5*i + 2*y + 12 - x. What is the units digit of 2/2 - i/(-2)?
4
Let v be ((-8)/10)/((-4)/30). Let c(w) = w + 5 - 3 - v + w**2. What is the units digit of c(3)?
8
Suppose 7*u + 4 = 11. What is the units digit of u?
1
Suppose -2*o + 13 = c - 7*o, 2*o = -4. Suppose 3*i = c*d + 21, 44 - 1 = 5*i + 3*d. What is the units digit of i?
8
Let d = 543 + -322. Suppose 5*q = d - 81. What is the tens digit of q?
2
Let o be -2 - -3 - (0 + -1). Let v = o - -1. Suppose -s - 2*r - 4 = -v, 3*s - 9 = -3*r. What is the units digit of s?
7
Let j be -2 + 0 + (-9)/(-3). Let o be (1 + -2)*(-6 + 1). Suppose -3*x + o = -j. What is the units digit of x?
2
Let w = -8 - -6. Let z(c) = 2*c**2 + 4*c + 3. What is the units digit of z(w)?
3
Suppose -5*o = -2*o - 12. Suppose 28 = 5*g - o*z - 34, 0 = -2*z - 6. What is the tens digit of g?
1
Let p(t) = 5*t**2 - 2*t - 3. Let j be 2 - (2 + 2)/(-4). What is the units digit of p(j)?
6
Let j = -1 + -4. Let s = j - -8. Suppose s*x = -6 + 57. What is the units digit of x?
7
Suppose 3*c + 5*y = -2*c + 335, -5*y = 4*c - 270. What is the units digit of c?
5
Let n be (-6)/(-4)*(-16)/3. Let d = 25 + n. What is the tens digit of d?
1
Let i = -224 + 387. What is the units digit of i?
3
Let c(h) = h**2 - 13*h - 12. Let r be c(14). Suppose 44 = r*x - 8. What is the units digit of x?
6
Let w be (-6)/(-18) + (-96)/(-9). Suppose 2*j = 3 - 1. Suppose w = p + j. What is the units digit of p?
0
Let q(g) = -g**3 - 2*g**2 - 2*g - 1. Let w be q(-1). Suppose 3*d = -4*o - w*o - 146, 0 = -3*o - d - 107. What is the tens digit of 4/14 + (-340)/o?
1
Let f be (-2 - 0 - -2)/1. Suppose f = p - 2*p + 29. Let b = p + -20. What is the units digit of b?
9
Suppose 3*m = -2*m - 4*f - 39, -20 = 3*m - f. Let y be (-2)/2 - (m - -2). Suppose -t = 3*t - y. What is the units digit of t?
1
Suppose n - 4*o = -1 - 3, -3*o = 5*n - 3. Suppose 0 = -2*u - n*u + 2. What is the units digit of 6*1 + u + -3?
4
Suppose 4*v - 7 = 197. What is the units digit of v?
1
Suppose -2*s + g + 104 = 0, -g - 66 = -s + 3*g. Suppose -s - 25 = -5*d. What is the units digit of d?
5
Let w(c) = 3*c**2. Let h be w(-5). Suppose -3*j = -h + 15. What is the units digit of j?
0
Let s(z) = z**2 + z - 3. Let v be s(-3). What is the units digit of ((-1)/v)/(2/(-30))?
5
Let w = -20 - -54. What is the units digit of w?
4
